or of h?
True
Let i = 12 - 17. Is 35 a factor of i/(-15)*7*45?
True
Let l be (11 + 0)/(3 + -2 + 0). Suppose -14*d + l*d = -114. Is 12 a factor of d?
False
Let l = -313 + 460. Let y = -57 + l. Is y a multiple of 15?
True
Suppose -92*n - 9664 = -96*n. Is n a multiple of 21?
False
Is 25 a factor of ((-42)/28)/(12/(-7688))?
False
Let i(t) = -112*t + 9. Let p be i(-8). Suppose 5*q = 2*x + p, -5*q - 5*x = -4*q - 208. Does 24 divide q?
False
Let d = -32 + 87. Let t = 113 - d. Is t a multiple of 9?
False
Is 11 a factor of (-18)/4*2980/(-15)?
False
Let z be (-12)/210*-7*-20. Is (z/(-10))/((-4)/780*-3) a multiple of 17?
False
Let j(g) = g. Let s be j(-3). Let r(p) = 5*p**2 - 4*p - 7. Is 5 a factor of r(s)?
True
Suppose z + 991 = -s, -2*z = 2*s - z + 1981. Let i = -703 - s. Is 32 a factor of i?
False
Suppose -6*p + 4 = -350. Is 27 a factor of p?
False
Let a(w) = 3*w - 70. Let k be a(24). Let d(h) = 34*h. Is d(k) a multiple of 17?
True
Is 60511/143 + 2/(-13) a multiple of 20?
False
Is 6 a factor of 1*(-3)/9 - 785/(-15)?
False
Let b = 318 - -1296. Is 49 a factor of b?
False
Let t(k) = -5*k**2 - 12*k + 10. Let q be t(6). Does 6 divide 44/q - (-1148)/22?
False
Suppose -2*o + 5 + 5 = 0. Let b = 10 - o. Suppose -5*n + 55 = 2*v + b, 2*n + 154 = 5*v. Is v a multiple of 14?
False
Suppose 15*g - 10*g - 7307 = 4*n, n + 4387 = 3*g. Does 38 divide g?
False
Let t = 68 - 67. Suppose 0 = -c - 2. Is 20 a factor of -2 - t*124/c?
True
Suppose -4*w = -2*z + 1212, -4*z + 3*z + 603 = -w. Is z a multiple of 20?
True
Suppose 0*g + 12*g - 4272 = 0. Does 3 divide g?
False
Let n(x) = -x**3 + 10*x**2 + 12*x - 1. Let g = 35 + -24. Is 5 a factor of n(g)?
True
Suppose -3*t + 405 = 5*k - 225, 5*t + 2*k = 1031. Does 34 divide t?
False
Let n = 62 - 60. Suppose 2*d - d - 2 = 0. Suppose 72 = d*o + g, -6*g = -2*o - n*g + 72. Is o a multiple of 9?
True
Suppose 0*b - 6*b = -48. Suppose -b = -4*g + 72. Does 20 divide g?
True
Let c(y) = 0*y**2 + 47*y - 5*y**2 + 1 - 45*y + 0*y**2. Let h be c(2). Let j = h - -36. Is 6 a factor of j?
False
Suppose -5*w + 46 = 16. Suppose -w = 5*l - 21. Is l even?
False
Does 14 divide (-98825)/(-531) + 1/(-9)?
False
Does 12 divide 200328/96 + (-33)/12 + 4?
True
Suppose d = 5*q - 280, -5*d - 56 = -q - 0*q. Does 8 divide q?
True
Let d(w) = 27*w + 4. Let n be 111/15 + (-2)/5. Let j be d(n). Suppose 3*y - j = 107. Is y a multiple of 25?
True
Suppose -12953 = -7*x - 8459. Is 28 a factor of x?
False
Let g(l) = 44*l**3 + l**2 - 2*l + 1. Let h be g(1). Let d = -46 - h. Let q = 140 + d. Is q a multiple of 18?
False
Suppose 0 = -s - 7*s + 32. Let j(k) = k**3 - k**2 - 3*k + 5. Does 5 divide j(s)?
False
Let q = 9989 + -6704. Is 73 a factor of q?
True
Suppose 2048 + 1987 = 4*d + f, 3*d - 5*f - 3032 = 0. Does 23 divide d?
False
Let v(y) be the first derivative of -y**4/4 + 3*y**3 - 3*y**2 + 6*y + 88. Suppose -3*f = -0*f - 15. Is v(f) a multiple of 14?
False
Let p be (30/(-4))/(-3)*16/10. Suppose -4*r = r + p*n - 485, 0 = 2*r + 5*n - 211. Does 14 divide r?
False
Let v be ((-1)/(-3))/(5/75). Let z(y) = -3*y**2 + 4*y + 1. Let l(f) = f**3 - 3*f**2 + 5*f + 1. Let p(j) = v*z(j) - 4*l(j). Is 14 a factor of p(-3)?
False
Let n be 0 - (4/(-4) + 2). Is 2*2 + n + 1 a multiple of 2?
True
Suppose -352 = -33*g + 3509. Does 9 divide g?
True
Let f be (22/(-8))/(3/12). Let p(l) = -14*l**2 - 3*l - 38. Let g(b) = 5*b**2 + b + 13. Let i(q) = f*g(q) - 4*p(q). Is i(0) even?
False
Suppose -r + 2 = -1. Does 11 divide 20 - (1 + r + -6)?
True
Suppose 5*b - 385 - 2070 = 0. Suppose 13*f - b - 198 = 0. Is 38 a factor of f?
False
Suppose 3*b + 291 = 6*b. Is 11 a factor of b?
False
Let d be 31 - -9 - (-1 - 1). Let t be ((-2)/(-4))/(3/d). Suppose q - 29 = t. Is 12 a factor of q?
True
Let n(p) = -p**3 + 4*p**2 + 3*p - 10. Let l = -29 + 33. Let u be n(l). Is 3 a factor of (u + 3 + -4)*9?
True
Let c(j) = -j - j - 4*j**3 + 5*j**3 + 7*j**2 + 3*j. Suppose 0 = 5*g + 20, f = 5*f - 4*g - 4. Is 12 a factor of c(f)?
False
Let o = 21 - -1029. Does 21 divide o?
True
Let l be (-23*1)/(-1 - 0). Suppose 0 = -f + l - 1. Let h = f + -12. Does 3 divide h?
False
Suppose -p - 2 + 9 = h, -3*h + 17 = 5*p. Let s(d) = d**3 - 8*d**2 - 10*d + 5. Let k be s(h). Is 11 a factor of 2/(k/6) - -19?
False
Let v = 269 - 125. Is v a multiple of 12?
True
Suppose 3*d - d = 0. Suppose p - 2*r + 3 = d, -2*p + 0*p + r = -3. Suppose 2*w = 5*t - 112, w = -p*t - 4*w + 92. Is 12 a factor of t?
True
Let y(i) = -344*i**3 + 4*i**2 + 3*i - 4. Let m be y(-2). Suppose -m = -4*j - 1142. Does 38 divide j?
False
Suppose -5*n = -97*j + 99*j - 10851, -4334 = -2*n - 4*j. Is n a multiple of 11?
False
Let r(v) = -v**3 + 2*v**2 - 1. Let y be r(-1). Suppose 0 = -2*t + 3*i + 212, -y*t = 2*t - i - 414. Suppose w + 51 = 2*d - 19, w + t = 3*d. Is 11 a factor of d?
True
Let n(f) = f**3 - 11*f**2 - 10*f - 28. Is n(13) a multiple of 18?
True
Suppose -3*w + 6*w = 2*r + 215, w = 2*r + 73. Let j = -29 + w. Is j a multiple of 11?
False
Suppose -12 = -3*m - m. Suppose m*d - 180 = 2*d. Suppose -3*w + 160 = -4*x, -5*w + d = 2*x - 52. Does 15 divide w?
False
Let s(j) = j**2 - 18*j + 10. Let o be s(13). Is 11/(o/(-300)) - 4 a multiple of 7?
True
Let b(a) = a**2 - 141. Is b(-16) a multiple of 23?
True
Suppose -11*u - 156 = -596. Is 4 a factor of u?
True
Let d = 3 - -10. Let y be (3 - d/5)*-20. Is 7 a factor of 85/3 + y/24?
True
Let w(y) = y**3 - 10*y**2 - 14*y - 14. Let r be w(12). Let g = r - 22. Is 14 a factor of g?
True
Let p be ((-4)/14)/(16/(-532))*-10. Let l = p + 158. Does 18 divide l?
False
Let a(g) = g**3 + 7*g**2 + 2*g - 4. Let c be a(-3). Let i = 24 - 5. Let d = c + i. Is 9 a factor of d?
True
Let k(r) = 2*r + 6. Let c be k(8). Let v = c + -3. Does 19 divide v?
True
Is 14 a factor of (41 + -14)*14*1?
True
Let k = -24 - -23. Does 14 divide k + 74 + -4 + 4?
False
Suppose -394 = -5*c - f + 24, 0 = 2*f + 4. Let n = -12 + c. Does 12 divide n?
True
Suppose t - 10*t = 171. Let h = -5 - t. Is h even?
True
Suppose 3*v + 15 = 0, -2*b + 2*v + 134 = 104. Does 2 divide b?
True
Let l be ((-6)/(-4))/((-5)/(-10)). Let c be (l + 1)*(-10)/(-8). Suppose 0 = -x + 5, -3*x + 2*x = c*r - 275. Is r a multiple of 18?
True
Let y(s) = -s + 20. Let d be y(16). Is (d/8)/((-1)/(-462)) a multiple of 11?
True
Let m = -43 - -90. Suppose -m*x + 52*x = 885. Is 14 a factor of x?
False
Let m = 1446 - 348. Is 16 a factor of m?
False
Suppose -1976 = -3*z - 4*l, 0 = -4*z - 21*l + 17*l + 2636. Is 15 a factor of z?
True
Let g = -33 + 36. Suppose 0 = 3*k - 0*o - g*o - 213, -2*o - 72 = -k. Is 35 a factor of k?
True
Is 5 a factor of ((-48)/36)/(3/(-90))?
True
Let q = 177 + -158. Is 9 a factor of q?
False
Let j = 359 + 94. Is j a multiple of 6?
False
Let y = -12 - 29. Let b = y + 100. Is b a multiple of 10?
False
Let b(q) = -4*q**3 - 7*q**2 - 2*q - 18. Does 3 divide b(-3)?
True
Suppose 2*z = 859 + 447. Suppose 3 = -q, -4*f + 5*q + 142 = -z. Is 39 a factor of f?
True
Suppose -c + 31 = -11. Let m be c/(-14) + -1 + -26. Is ((-80)/(-6))/((-10)/m) a multiple of 16?
False
Is 89 a factor of (-2 + 1)*-2266 - 4?
False
Suppose 46*n + 36 = 43*n. Let q(h) = -h**2 - 11*h + 40. Is q(n) a multiple of 13?
False
Suppose 0 = -n + 4*y + 33, 0*n - 67 = -4*n + 3*y. Suppose n*m = 15*m - 222. Does 18 divide m?
False
Suppose 5*r - 6*n + 3*n + 153 = 0, -4*n = 5*r + 146. Let t be r/20 - (-5)/2. Suppose -14 + t = -m. Does 3 divide m?
False
Is (4 + -3)*5*(-972)/(-12) a multiple of 8?
False
Let m = 718 - -2482. Does 12 divide m?
False
Let r be (-10)/40 + (-17)/(-4). Suppose -2*w + 132 = r*q, -w + 81 = -0*q - 3*q. Does 18 divide w?
True
Suppose -4*v - 2 + 6 = 0. Suppose -7 = 3*z - v, -3*j + 53 = 2*z. Does 19 divide j?
True
Suppose 5*o - 3*h = 4, o - 3*h = -o - 2. Suppose 24 = z + o*z. Let g = z - 2. Does 3 divide g?
True
Suppose 0 = h + 1581 - 2498. Is h a multiple of 4?
False
Suppose -5*f + 0*f = -20. Suppose 3*g + f*h - 149 = 0, -4*g + 5*h = -9*g + 245. Suppose -25 = -4*l + g. Does 9 divide l?
True
Let z(a) = 3*a**3 - 3*a**2 + 6*a - 3. Suppose 2*n - 7*n = -10. Does 7 divide z(n)?
True
Let q = -71 - -20. Let m = q - -90. Does 9 divide m + (-1)/1*4?
False
Suppose -4*m - m - 4*y + 20 = 0, -2*m + 2*y + 8 = 0. Suppose -2 = 3*n - m*n. Is n even?
True
Suppose -31*s = -26502 - 33452. Is s a multiple of 98?
False
Let f = 8 + -4. Let w = -100 + 184. Supp